{"id":688,"date":"2025-02-11T20:45:10","date_gmt":"2025-02-11T20:45:10","guid":{"rendered":"https:\/\/aebriteiros.pt\/inicio\/?page_id=688"},"modified":"2025-02-11T20:45:10","modified_gmt":"2025-02-11T20:45:10","slug":"etwinning","status":"publish","type":"page","link":"https:\/\/aebriteiros.pt\/inicio\/etwinning\/","title":{"rendered":"eTwinning"},"content":{"rendered":"\n<p>Link plataforma eTwinning:&nbsp;<a href=\"https:\/\/school-education.ec.europa.eu\/en\" rel=\"noreferrer noopener\" target=\"_blank\">https:\/\/school-education.ec.europa.eu\/en<\/a><\/p>\n\n\n\n<p>Link para modelo de Netiqueta:&nbsp;<a href=\"https:\/\/view.genially.com\/61842e6eaa3be30dc03add6c\/vertical-infographic-etwinning-netiquette\" rel=\"noreferrer noopener\" target=\"_blank\">https:\/\/view.genially.com\/61842e6eaa3be30dc03add6c\/vertical-infographic-etwinning-netiquette<\/a><\/p>\n\n\n\n<figure class=\"wp-block-image\"><img decoding=\"async\" src=\"https:\/\/lh7-rt.googleusercontent.com\/docsz\/AD_4nXd8CQH2sUGaDFWlPI8qEOZ099__QGsnPfDWMa09dFIhfdGcHFnJeJ0eLDCU6iBjgFe3eSXd-FMOZoeEk-cdJtQ4ALRZDZFdtCP4rwN-8NXPYkIj08og_87VUJdHvE1c-WwNDi7PGg?key=AGTMp8IJqlI5JjYn2aHiqwl3\" alt=\"\"\/><\/figure>\n\n\n\n<p>O Agrupamento de Escolas de Briteiros orgulha-se de participar ativamente nos projetos eTwinning, uma iniciativa europeia que promove a colabora\u00e7\u00e3o e o interc\u00e2mbio cultural entre escolas de diferentes pa\u00edses. Atrav\u00e9s do eTwinning, alunos e professores t\u00eam a oportunidade de envolver-se em projetos conjuntos, partilhando conhecimentos, experi\u00eancias e boas pr\u00e1ticas.<\/p>\n\n\n\n<p>Objetivos dos Projetos eTwinning<\/p>\n\n\n\n<ol class=\"wp-block-list\">\n<li><strong>Colabora\u00e7\u00e3o Internacional<\/strong>: Facilitar a colabora\u00e7\u00e3o entre escolas europeias, promovendo o entendimento intercultural e a partilha de pr\u00e1ticas pedag\u00f3gicas inovadoras.<\/li>\n\n\n\n<li><strong>Desenvolvimento de Compet\u00eancias<\/strong>: Potenciar o desenvolvimento de compet\u00eancias digitais, lingu\u00edsticas e sociais, preparando os alunos para um mundo globalizado.<\/li>\n\n\n\n<li><strong>Aprendizagem Criativa:<\/strong><strong><sup> : <\/sup><\/strong>Fomentar a aprendizagem criativa e interdisciplinar, envolvendo alunos e professores em atividades que estimulam a curiosidade e a inova\u00e7\u00e3o.<\/li>\n<\/ol>\n\n\n\n<p>Atividades e Benef\u00edcios<\/p>\n\n\n\n<p>Os projetos eTwinning no nosso agrupamento incluem uma variedade de atividades que enriquecem o ambiente educativo:<\/p>\n\n\n\n<ol class=\"wp-block-list\">\n<li><strong>Projetos Colaborativos<\/strong>: Alunos e professores colaboram em projetos tem\u00e1ticos, partilhando conhecimentos e experi\u00eancias atrav\u00e9s de plataformas digitais seguras.<\/li>\n\n\n\n<li><strong>Interc\u00e2mbio Cultura<\/strong>l: Promo\u00e7\u00e3o de atividades que valorizam a diversidade cultural, permitindo aos alunos conhecer e apreciar outras culturas e tradi\u00e7\u00f5es.<\/li>\n\n\n\n<li><strong>Desenvolvimento Profissional<\/strong>: Oportunidades para os professores participarem em forma\u00e7\u00f5es e workshops internacionais, aprimorando as suas compet\u00eancias pedag\u00f3gicas e tecnol\u00f3gicas.<\/li>\n<\/ol>\n","protected":false},"excerpt":{"rendered":"<p>Link plataforma eTwinning:&nbsp;https:\/\/school-education.ec.europa.eu\/en Link para modelo de Netiqueta:&nbsp;https:\/\/view.genially.com\/61842e6eaa3be30dc03add6c\/vertical-infographic-etwinning-netiquette O Agrupamento de Escolas de Briteiros orgulha-se de<\/p>\n<p><a href=\"https:\/\/aebriteiros.pt\/inicio\/etwinning\/\" class=\"more-link\">Continue a ler&#8230;<span class=\"screen-reader-text\">eTwinning<\/span><\/a><\/p>\n","protected":false},"author":1,"featured_media":0,"parent":0,"menu_order":0,"comment_status":"closed","ping_status":"closed","template":"","meta":{"footnotes":""},"class_list":["post-688","page","type-page","status-publish","hentry"],"_links":{"self":[{"href":"https:\/\/aebriteiros.pt\/inicio\/wp-json\/wp\/v2\/pages\/688","targetHints":{"allow":["GET"]}}],"collection":[{"href":"https:\/\/aebriteiros.pt\/inicio\/wp-json\/wp\/v2\/pages"}],"about":[{"href":"https:\/\/aebriteiros.pt\/inicio\/wp-json\/wp\/v2\/types\/page"}],"author":[{"embeddable":true,"href":"https:\/\/aebriteiros.pt\/inicio\/wp-json\/wp\/v2\/users\/1"}],"replies":[{"embeddable":true,"href":"https:\/\/aebriteiros.pt\/inicio\/wp-json\/wp\/v2\/comments?post=688"}],"version-history":[{"count":1,"href":"https:\/\/aebriteiros.pt\/inicio\/wp-json\/wp\/v2\/pages\/688\/revisions"}],"predecessor-version":[{"id":689,"href":"https:\/\/aebriteiros.pt\/inicio\/wp-json\/wp\/v2\/pages\/688\/revisions\/689"}],"wp:attachment":[{"href":"https:\/\/aebriteiros.pt\/inicio\/wp-json\/wp\/v2\/media?parent=688"}],"curies":[{"name":"wp","href":"https:\/\/api.w.org\/{rel}","templated":true}]}}