{"id":1186,"date":"2025-09-11T11:17:40","date_gmt":"2025-09-11T11:17:40","guid":{"rendered":"https:\/\/aebriteiros.pt\/inicio\/?page_id=1186"},"modified":"2025-09-11T13:53:04","modified_gmt":"2025-09-11T13:53:04","slug":"acessos-as-plataformas-do-aeb","status":"publish","type":"page","link":"https:\/\/aebriteiros.pt\/inicio\/acessos-as-plataformas-do-aeb\/","title":{"rendered":"Acesso \u00e0s Plataformas"},"content":{"rendered":"\n<p><strong><mark style=\"background-color: rgba(0, 0, 0, 0);\">Relembramos que as credenciais abaixo s\u00e3o pessoais e intransmiss\u00edveis, e \u00e9 responsabilidade do encarregado de educa\u00e7\u00e3o manter as suas credenciais seguras e privadas, pelo que devem aceder o mais rapidamente poss\u00edvel e definir novas palavras passe.<\/mark><\/strong><\/p>\n\n\n\n<p><strong><mark style=\"background-color: #ffa751;\">Inovar Consulta<\/mark><\/strong><\/p>\n\n\n\n<figure class=\"wp-block-image size-full is-resized\"><a href=\"https:\/\/aebriteiros.inovarmais.com\/consulta\/app\/index.html#\/login\" target=\"_blank\" rel=\" noreferrer noopener\"><img fetchpriority=\"high\" decoding=\"async\" width=\"961\" height=\"275\" src=\"https:\/\/aebriteiros.pt\/inicio\/wp-content\/uploads\/2025\/09\/LG-inovar_consultaW-1.png\" alt=\"\" class=\"wp-image-1196\" style=\"width:202px;height:auto\" srcset=\"https:\/\/aebriteiros.pt\/inicio\/wp-content\/uploads\/2025\/09\/LG-inovar_consultaW-1.png 961w, https:\/\/aebriteiros.pt\/inicio\/wp-content\/uploads\/2025\/09\/LG-inovar_consultaW-1-300x86.png 300w, https:\/\/aebriteiros.pt\/inicio\/wp-content\/uploads\/2025\/09\/LG-inovar_consultaW-1-768x220.png 768w\" sizes=\"(max-width: 961px) 100vw, 961px\" \/><\/a><\/figure>\n\n\n\n<p><strong>Aceder em:<\/strong> <a href=\"https:\/\/aebriteiros.inovarmais.com\/consulta\/app\/index.html#\/login\" data-type=\"link\" data-id=\"https:\/\/aebriteiros.inovarmais.com\/consulta\/app\/index.html#\/login\" target=\"_blank\" rel=\"noreferrer noopener\">https:\/\/aebriteiros.inovarmais.com\/consulta\/app\/index.html#\/login<\/a><\/p>\n\n\n\n<p><strong>Credenciais de acesso:<\/strong><br>    <strong>Login<\/strong>: Email pessoal do encarregado de educa\u00e7\u00e3o<br>    <strong>Palavra passe<\/strong>: NIF do encarregado de educa\u00e7\u00e3o<\/p>\n\n\n\n<p><strong><mark style=\"background-color: #ffa751;\">Email Institucional<\/mark><\/strong><\/p>\n\n\n\n<p><strong><u>O email institucional deve ser o meio preferencial de contacto com o Agrupamento.<\/u><\/strong><\/p>\n\n\n\n<figure class=\"wp-block-image size-large is-resized\"><a href=\"www.gmail.com\" target=\"_blank\" rel=\" noreferrer noopener\"><img decoding=\"async\" width=\"1024\" height=\"363\" src=\"https:\/\/aebriteiros.pt\/inicio\/wp-content\/uploads\/2025\/09\/gmail-e1552904522919-1024x363.jpg\" alt=\"\" class=\"wp-image-1198\" style=\"width:161px;height:auto\" srcset=\"https:\/\/aebriteiros.pt\/inicio\/wp-content\/uploads\/2025\/09\/gmail-e1552904522919-1024x363.jpg 1024w, https:\/\/aebriteiros.pt\/inicio\/wp-content\/uploads\/2025\/09\/gmail-e1552904522919-300x106.jpg 300w, https:\/\/aebriteiros.pt\/inicio\/wp-content\/uploads\/2025\/09\/gmail-e1552904522919-768x272.jpg 768w, https:\/\/aebriteiros.pt\/inicio\/wp-content\/uploads\/2025\/09\/gmail-e1552904522919-1536x545.jpg 1536w, https:\/\/aebriteiros.pt\/inicio\/wp-content\/uploads\/2025\/09\/gmail-e1552904522919.jpg 1920w\" sizes=\"(max-width: 1024px) 100vw, 1024px\" \/><\/a><\/figure>\n\n\n\n<p><strong>Aceder em: <\/strong>&nbsp;<a href=\"http:\/\/www.gmail.com\/\" target=\"_blank\" rel=\"noreferrer noopener\">www.gmail.com<\/a><\/p>\n\n\n\n<p>O email institucional tem sempre o mesmo formato:&nbsp;<a href=\"mailto:aXXXXX@aebriteiros.pt\">aXXXXX@aebriteiros.pt<\/a>&nbsp;para os emails dos alunos e&nbsp;<a href=\"mailto:eeXXXXX@aebriteiros.pt\">eeXXXXX@aebriteiros.pt<\/a>&nbsp;para os emails dos encarregados de educa\u00e7\u00e3o, em que XXXXX \u00e9 o n\u00famero de processo do aluno, que podem obter atrav\u00e9s do INOVARCONSULTA (quando entram no InovarConsulta, antes de seleccionarem o aluno, aparece a informa\u00e7\u00e3o da Foto, nome e n.\u00ba de processo do aluno)<\/p>\n\n\n\n<p><strong>Email aluno:<\/strong><\/p>\n\n\n\n<p><strong>Login:<\/strong>&nbsp;aXXXXX@aebriteiros.pt <\/p>\n\n\n\n<p>    <strong>Palavra passe:&nbsp;<\/strong>AEB2526@<\/p>\n\n\n\n<p><strong>Email Encarregado de Educa\u00e7\u00e3o:<\/strong><\/p>\n\n\n\n<p><strong>Login:<\/strong>&nbsp;&nbsp;eeXXXXX@aebriteiros.pt<\/p>\n\n\n\n<p><strong>Palavra passe:<\/strong>&nbsp;AEB2526@<\/p>\n\n\n\n<p><strong>Ap\u00f3s o primeiro acesso ter\u00e3o de definir uma nova palavra passe.<\/strong><\/p>\n\n\n\n<p><strong>N\u00e3o s\u00e3o criados emails \u00fanicos para encarregados de educa\u00e7\u00e3o com mais do que um filho. Os encarregados de educa\u00e7\u00e3o que tenham mais do que um filho no AE Briteiros e pretendam receber os emails num \u00fanico email podem optar por configurar um encaminhamento de emails, tal como explicado pela Google: <a href=\"https:\/\/support.google.com\/mail\/answer\/10957?hl=pt\" target=\"_blank\" rel=\"noreferrer noopener\">https:\/\/support.google.com\/mail\/answer\/10957?hl=pt<\/a><\/strong><\/p>\n\n\n\n<p><strong>Os encarregados de educa\u00e7\u00e3o que tenham perdido o acesso ao email institucional devem enviar email para <a href=\"mailto:secretaria@aebriteiros.pt\" target=\"_blank\" rel=\"noreferrer noopener\">secretaria@aebriteiros.pt<\/a> e solicitar a reposi\u00e7\u00e3o da palavra passe. Todos os pedidos de reposi\u00e7\u00e3o de palavra passe do email t\u00eam de ser enviados por email, n\u00e3o sendo aceites pedidos telef\u00f3nicos ou presenciais.<\/strong><\/p>\n\n\n\n<p><\/p>\n\n\n\n<p><strong><mark style=\"background-color:#ffa751\" class=\"has-inline-color has-black-color\">SIGA<\/mark><\/strong><\/p>\n\n\n\n<figure class=\"wp-block-image size-full is-resized\"><a href=\"https:\/\/siga.edubox.pt\/\" target=\"_blank\" rel=\" noreferrer noopener\"><img decoding=\"async\" width=\"961\" height=\"275\" src=\"https:\/\/aebriteiros.pt\/inicio\/wp-content\/uploads\/2025\/09\/LG-siga.png\" alt=\"\" class=\"wp-image-1195\" style=\"width:206px;height:auto\" srcset=\"https:\/\/aebriteiros.pt\/inicio\/wp-content\/uploads\/2025\/09\/LG-siga.png 961w, https:\/\/aebriteiros.pt\/inicio\/wp-content\/uploads\/2025\/09\/LG-siga-300x86.png 300w, https:\/\/aebriteiros.pt\/inicio\/wp-content\/uploads\/2025\/09\/LG-siga-768x220.png 768w\" sizes=\"(max-width: 961px) 100vw, 961px\" \/><\/a><\/figure>\n\n\n\n<p><strong>Aceder em: <\/strong>\u00a0<a href=\"https:\/\/siga.edubox.pt\/\" target=\"_blank\" rel=\"noreferrer noopener\">https:\/\/siga.edubox.pt\/<\/a><\/p>\n\n\n\n<p>    Para obter as credenciais, os encarregados de educa\u00e7\u00e3o devem fazer \u201cRecuperar Acesso\u201d e introduzir o seu email pessoal (fornecido na matr\u00edcula). Receber\u00e3o um email para redefinir a palavra passe.&nbsp;<\/p>\n\n\n\n<p>    Devem garantir que anotam o nome de utilizador do Encarregado de Educa\u00e7\u00e3o (geralmente com o formato \u201cGMR.ED\u2026.\u201d) e clicam em \u201credefinir palavra passe\u201d em frente ao login do encarregado de educa\u00e7\u00e3o.<\/p>\n\n\n\n<p>    O aluno tamb\u00e9m tem um acesso ao SIGA mas o mesmo n\u00e3o consegue aceitar os termos e condi\u00e7\u00f5es, nem criar o cart\u00e3o digital ou carregar o mesmo, pelo que os encarregados de educa\u00e7\u00e3o devem ignorar esses logins e usar apenas o de encarregado de educa\u00e7\u00e3o.<\/p>\n\n\n\n<p><\/p>\n","protected":false},"excerpt":{"rendered":"<p>Relembramos que as credenciais abaixo s\u00e3o pessoais e intransmiss\u00edveis, e \u00e9 responsabilidade do encarregado de educa\u00e7\u00e3o<\/p>\n<p><a href=\"https:\/\/aebriteiros.pt\/inicio\/acessos-as-plataformas-do-aeb\/\" class=\"more-link\">Continue a ler&#8230;<span class=\"screen-reader-text\">Acesso \u00e0s Plataformas<\/span><\/a><\/p>\n","protected":false},"author":1,"featured_media":0,"parent":0,"menu_order":0,"comment_status":"closed","ping_status":"closed","template":"","meta":{"footnotes":""},"class_list":["post-1186","page","type-page","status-publish","hentry"],"_links":{"self":[{"href":"https:\/\/aebriteiros.pt\/inicio\/wp-json\/wp\/v2\/pages\/1186","targetHints":{"allow":["GET"]}}],"collection":[{"href":"https:\/\/aebriteiros.pt\/inicio\/wp-json\/wp\/v2\/pages"}],"about":[{"href":"https:\/\/aebriteiros.pt\/inicio\/wp-json\/wp\/v2\/types\/page"}],"author":[{"embeddable":true,"href":"https:\/\/aebriteiros.pt\/inicio\/wp-json\/wp\/v2\/users\/1"}],"replies":[{"embeddable":true,"href":"https:\/\/aebriteiros.pt\/inicio\/wp-json\/wp\/v2\/comments?post=1186"}],"version-history":[{"count":17,"href":"https:\/\/aebriteiros.pt\/inicio\/wp-json\/wp\/v2\/pages\/1186\/revisions"}],"predecessor-version":[{"id":1215,"href":"https:\/\/aebriteiros.pt\/inicio\/wp-json\/wp\/v2\/pages\/1186\/revisions\/1215"}],"wp:attachment":[{"href":"https:\/\/aebriteiros.pt\/inicio\/wp-json\/wp\/v2\/media?parent=1186"}],"curies":[{"name":"wp","href":"https:\/\/api.w.org\/{rel}","templated":true}]}}